696001 prime?
True
Is 103611707 a prime number?
True
Is 49822519 composite?
False
Is 23824391 prime?
True
Is 214741 prime?
True
Is 11881049 a prime number?
True
Is 2432851 a prime number?
True
Is 12892151 composite?
True
Is 2047879 prime?
True
Is 5292211 a composite number?
False
Is 1175641 a prime number?
False
Is 2615801 composite?
True
Is 90550193 a prime number?
False
Is 2503145 prime?
False
Is 7146023 a prime number?
True
Is 5831071 composite?
True
Is 348741101 prime?
True
Is 43166726 a prime number?
False
Is 11090785 prime?
False
Is 44689697 a prime number?
False
Is 17208949 a composite number?
True
Is 128879897 composite?
False
Is 109433921 a prime number?
True
Is 14970471 prime?
False
Is 7119709 composite?
False
Is 47087489 composite?
False
Is 1968521 a prime number?
True
Is 89910955 composite?
True
Is 6582253 a prime number?
True
Is 543755 a prime number?
False
Is 6610733 composite?
False
Is 68924579 composite?
True
Is 60713387 a prime number?
False
Is 42971453 a prime number?
False
Is 94573291 prime?
False
Is 2299141 a composite number?
True
Is 7761769 a composite number?
False
Is 131703769 a composite number?
False
Is 10806869 a prime number?
True
Is 15169207 a composite number?
False
Is 2786377 prime?
False
Is 14824589 a prime number?
False
Is 67231061 a prime number?
False
Is 11446397 a composite number?
True
Is 1628938 prime?
False
Is 4763611 composite?
True
Is 220124411 prime?
False
Is 23833757 composite?
True
Is 3888383 a prime number?
True
Is 548600803 composite?
True
Is 12534421 a prime number?
True
Is 313592627 composite?
False
Is 8575543 composite?
False
Is 947669887 prime?
True
Is 2966639 a prime number?
False
Is 24594023 composite?
True
Is 3959777 prime?
False
Is 108650279 a composite number?
False
Is 26152327 composite?
True
Is 82177153 a prime number?
True
Is 7288234 a composite number?
True
Is 64987727 a composite number?
True
Is 1936153 prime?
True
Is 104004553 a prime number?
True
Is 1898979 a prime number?
False
Is 709315 prime?
False
Is 18295001 composite?
False
Is 27329 composite?
False
Is 7094667 a prime number?
False
Is 2037499 a composite number?
True
Is 5537209 a prime number?
False
Is 2165551 composite?
False
Is 90846197 prime?
False
Is 53343806 a composite number?
True
Is 2502611 a prime number?
False
Is 5203813 composite?
False
Is 4714331 composite?
False
Is 730159 a composite number?
True
Is 129945007 a composite number?
False
Is 23067791 a prime number?
False
Is 3309091 a prime number?
True
Is 2476027 a composite number?
True
Is 7089938 prime?
False
Is 33761141 a prime number?
False
Is 7926395 a prime number?
False
Is 1050911 a prime number?
False
Is 119731253 a prime number?
False
Is 158135489 a prime number?
True
Is 16257971 a composite number?
False
Is 11298509 composite?
False
Is 900862 composite?
True
Is 2482529 a composite number?
True
Is 97780811 prime?
False
Is 17368486 prime?
False
Is 863929027 prime?
False
Is 100561327 a composite number?
False
Is 4312331 a prime number?
True
Is 202037 composite?
True
Is 81698663 composite?
False
Is 200495299 a composite number?
True
Is 21527021 a composite number?
False
Is 10981181 prime?
False
Is 20390457 composite?
True
Is 64121 composite?
True
Is 231968521 prime?
True
Is 574804171 a prime number?
True
Is 4909664941 composite?
False
Is 43487 a composite number?
False
Is 3507877 a composite number?
False
Is 188704829 a composite number?
True
Is 755351 a prime number?
True
Is 32907139 a composite number?
True
Is 617943 a composite number?
True
Is 895183 composite?
True
Is 155046917 composite?
False
Is 2490023 prime?
True
Is 19254571 composite?
True
Is 2151451 composite?
False
Is 2234417 a prime number?
True
Is 9912902 prime?
False
Is 78900229 prime?
False
Is 13900277 composite?
True
Is 7952797 a prime number?
True
Is 416339599 a composite number?
True
Is 22937741 prime?
False
Is 6716093 composite?
False
Is 23115577 prime?
False
Is 8481247 prime?
True
Is 296071 a composite number?
False
Is 4445243 a composite number?
True
Is 66291799 prime?
False
Is 1796167 prime?
True
Is 2875127 a prime number?
True
Is 24232801 a composite number?
False
Is 9103 a prime number?
True
Is 74351071 prime?
False
Is 1668559 prime?
False
Is 281183271 a prime number?
False
Is 133781731 a composite number?
True
Is 9185881 a composite number?
False
Is 629309 a prime number?
False
Is 41595913 a prime number?
True
Is 15904991 a composite number?
True
Is 27433493 a composite number?
False
Is 3883519 a composite number?
False
Is 184246369 a composite number?
False
Is 20204579 composite?
False
Is 296816683 prime?
True
Is 55629107 a prime number?
True
Is 14753207 composite?
True
Is 180713 a composite number?
True
Is 1753109 a prime number?
True
Is 56482439 a prime number?
False
Is 78579197 a composite number?
False
Is 513023381 a prime number?
False
Is 104541631 prime?
True
Is 21799 a prime number?
True
Is 1728047 a prime number?
False
Is 384737 composite?
False
Is 6438503 a composite number?
True
Is 53367529 a composite number?
False
Is 3784327 prime?
False
Is 406247801 a composite number?
False
Is 7047682 a composite number?
True
Is 80056573 prime?
True
Is 30711305 prime?
False
Is 5189101 prime?
False
Is 117140053 a composite number?
True
Is 215940523 composite?
True
Is 2857597 prime?
False
Is 253309 composite?
True
Is 28607417 prime?
True
Is 350894499 a prime number?
False
Is 10698319 a composite number?
False
Is 126399209 prime?
True
Is 4885277 a composite number?
False
Is 28273565 a composite number?
True
Is 15509037 a composite number?
True
Is 32943121 composite?
True
Is 2478877 prime?
True
Is 443210437 a composite number?
True
Is 9862367 a composite number?
True
Is 1415059 a prime number?
True
Is 6895711 composite?
True
Is 8899167 a composite number?
True
Is 21299621 prime?
False
Is 929092739 prime?
True
Is 6856919 a prime number?
True
Is 1833511 a prime number?
False
Is 1202147 composite?
False
Is 31470619 a prime number?
True
Is 7668013 prime?
False
Is 4416647 prime?
False
Is 328959746 composite?
True
Is 908093 a prime number?
False
Is 2113733 a prime number?
True
Is 7671709 a prime number?
False
Is 1936147 prime?
False
Is 13792907 a prime number?
True
Is 474394121 composite?
False
Is 10473893 a prime number?
True
Is 197742191 composite?
False
Is 16053419 a composite number?
False
Is 25609663 composite?
True
Is 949567 prime?
True
Is 227443331 a prime number?
False
Is 6624937 composite?
True
Is 4689803 composite?
False
Is 52496387 prime?
True
Is 217201585 composite?
True
Is 258975599 a composite number?
False
Is 368803291 a composite number?
False
Is 772627 prime?
False
Is 15412063 composite?
True
Is 36163489 a composite number?
False
Is 3431689 prime?
True
Is 2978923 a composite number?
False
Is 31011719 composite?
True
Is 94684081 composite?
False
Is 3980917 composite?
True
Is 27504221 prime?
True
Is 2446259 prime?
False
Is 185875787 a composite number?
False
Is 109875769 a prime number?
True
Is 47563 a composite number?
False
Is 42067567 a composite number?
True
Is 33771883 prime?
True
Is 219022631 a composite number?
True
Is 2823103 composite?
True
Is 91621859 a prime number?
False
Is 40825519 composite?
True
Is 877327105 a prime number?
False
Is 9752539 a prime number?
False
Is 10514897 composite?
True
Is 16543361 prime?
True
Is 24242809 composite?
True
Is 15619469 a prime number?
True
Is 4076067 prime?
False
Is 37424033 prime?
True
Is 15465427 prime?
False
Is 36708299 a composite number?
True
Is 4879033 a prime number?
True
Is 9147781 composite?
False
Is 39690169 prime?
False
Is 105883 a composite number?
False
Is 77882291 a prime number?
True
Is 66936161 composite?
True
Is 21284909 a composite number?
True
Is 2355422 a prime number?
False
Is 117934693 composite?
False
Is 25669093 a composite number?
False
Is 19406665 a prime number?
False
Is 1626737 a prime number?
False
Is 10931717 a composite number?
False
Is 25332311 a prime number?
True
Is 32719303 composite?
False
Is 18549381 composite?
True
Is 3049549 a prime number?
False
Is 30305107 a prime number?
False
Is 330156937 a prime number?
False
Is 1286557 a prime number?
True
Is 165388577 composite?
False
Is 18510979 composite?
False
Is 23115497 composite?
False
Is 15804727 a prime number?
True
Is 496051 a composite number